hat is the value of 40 - -51 - 86 - (11 + 0)?
-6
What is 25 + -1 - (589 - 566) - (1 + -28)?
28
Evaluate 60 + 0 - ((-776 - -818) + -42 + -1).
61
What is the value of -70 - (49 + (22 - 75))?
-66
46 + 32 + -31 - 54
-7
What is (-149 - (-254 - 23)) + (-2 - 7)?
119
Calculate 36 + 10 + -49 - (17 + 5).
-25
What is -278 + 221 - (1 + -76)?
18
Evaluate -15 - (12 - 11) - (-9 - -1) - (-60 - -62).
-10
Calculate 31 + -2 + (621 - 585).
65
2 + 0 + -2 + -146 + -1067 + 1078
-135
What is -47 + 1 + (315 - 143) + -134?
-8
What is (-28 - 65) + 143 - ((1 - -6) + -1)?
44
(-54 - -73) + 1 - (-37 - 3)
60
Evaluate ((0 - -2) + -2 - 4) + (-57 - (22 - 65)).
-18
Evaluate (131 - -53 - 161) + -115 + 1.
-91
Calculate -51 + -43 + 108 + 0 + -23 + -2.
-11
What is -30 + -1 + (-1 - -2 - (-158 - -159))?
-31
What is the value of ((-13 - -13) + -13 + -2 - -5) + (0 - -24)?
14
Evaluate (36 - 12) + (31 - (10 + 16)).
29
What is the value of (-16 - (-15 - -15 - 26)) + -29 + -18?
-37
Evaluate -17 + -22 + (8 - -15) + -10.
-26
(-31 + 126 - 191) + (-2 - -16 - (-6 + 9))
-85
What is -19 + 39 - 95 - (0 + 3 + -12)?
-66
Calculate -12 - (22 - (-38 - -15)) - 28.
-85
What is the value of -7 + -1 + -21 + 5 + 312 + -246?
42
-9 + (-81 - -68) + -16
-38
-6 - (-14 - (5 + (-15 - -12) - 41))
-31
Calculate (146 - (27 + -3 - -1)) + -37.
84
Calculate 3 + 1 + -30 + 15 + 5 + (50 - 1).
43
-29 + (-24 - -13) + -14
-54
What is (10 - (2 - 70)) + -7 + 0 + 1 + -2?
70
What is the value of (-70 - -33) + 1 + (-5 - -10)?
-31
What is the value of (46 - -32) + 65 + -74?
69
Calculate 18 - (15 + (11 + -16 - 7)) - -65.
80
Evaluate (2 - -2) + -5 + 19 + 4 + (-95 - 2).
-75
-143 - (-178 + -163) - 99
99
33 + ((2 + 1 - 10) + 0 - (-3 + -6))
35
Evaluate 15 - ((-58 - -25) + (7 - 6) + -3).
50
Evaluate -26 - (2 - 5) - (-13 + 74).
-84
Calculate (-155 - (41 + -51)) + (72 - 25).
-98
-315 + 275 + (-2 - -67)
25
36 - (62 + -112) - 20
66
What is 91 + -46 + (-133 - -169)?
81
What is 34 + (38 - (56 + 32))?
-16
-7 + (18 - 21) + -34 + 7
-37
Evaluate -62 + -57 + 67 + 37.
-15
Evaluate -62 + (-29 + 41 - -5).
-45
(2 - -121) + (5004 - 5082)
45
What is the value of 20 + 0 + (14 - -12) - -1?
47
What is (23 - 5) + (4 + 0 - 5 - (-16 + 11))?
22
What is the value of (1 - (10 - 15 - -10)) + (-24 + -3 - -6)?
-25
What is the value of -4 + -7 + 6 + 2 + -84 + 97 - -84?
94
What is -30 - (39 + (-2 - 18))?
-49
-33 - (-110 + -71) - 57
91
Evaluate (0 - 62) + (127 - 42) + -65.
-42
(-180 - -175) + (-20 - -11) + 2 + -1
-13
What is the value of -14 - 2 - ((-84 - 1) + -130 + 140)?
59
Calculate 33 + (16 - 14) + -56 + 124.
103
What is 14 - (-12 - -18 - ((0 - -5) + (-161 - -188)))?
40
Evaluate 5 + (-4 + 5 + 2 - -17).
25
What is the value of -65 + 92 + -14 + 10?
23
0 - -49 - ((37 + -38 - (1 - 19)) + -18)
50
Calculate (3 - -82) + -40 + -158.
-113
Calculate -9 - (-11 + 54 + 4 - (-8 + 0)).
-64
Calculate -21 + 25 + -34 + 28.
-2
44 + -39 + (-15 - 7)
-17
Evaluate -1 + -21 - (13 - (-55 - -124)).
34
What is the value of 36 - 1 - (-38 + 27 - 5)?
51
2014 + -1936 - (16 + (2 - 1))
61
Evaluate 2 - -6 - (4 - -10 - -22) - (-35 + 42).
-35
Calculate -1 + -14 - (-3 - 16 - (-70 + 40 + 14)).
-12
Calculate 112 - 87 - 42 - -107.
90
What is the value of -10 + (74 - (24 - 12)) + (29 - (23 - 3))?
61
What is (-39 - -44) + -1 + 6 + 21 + -25 + -86?
-80
(2140 - 2147) + (-1 - 14)
-22
What is (246 - 259) + 2 + 2 - (-99 + -10)?
100
What is 1 + 13 + 31 + -19 + -11 - 22?
-7
Evaluate (3 - (4 + -16 + -7) - 31) + -86.
-95
(3 - (13 - -2)) + (-16 - (-1 + 7))
-34
What is -65 - (19 - (62 - 114))?
-136
What is the value of -74 + (0 - (4 - (2 - 8)) - (-10 + -3))?
-71
Evaluate -20 + 14 + 4 + 2 - -2 - (-3 - 31).
36
-25 + (17 - (2 + (-4 - -5))) + -5
-16
Calculate 58 + -26 + -5 + (-2 + -9 - -3).
19
Calculate (8 - (0 - -2)) + (50 - 70).
-14
-59 + -1 - (-9 + -42 - (-33 + 1))
-41
What is the value of (-3983 - -3937) + 50 + 1?
5
(21 - (40 + -3)) + -48 + 5 + -1
-60
What is 63 + -1 - ((-54 - -68) + 7)?
41
Calculate (32 + -16 - 49 - 12) + 6.
-39
Evaluate 16 + -9 + (-6 - 11) + 19 + 7 + -4.
12
What is the value of -337 - -191 - (-69 + 7)?
-84
Evaluate 6 + (0 - 10) + (32 - 45) + -14.
-31
What is the value of -15 - (-103 - -97) - -68?
59
What is the value of -1 + -1 + -6 + -37 + 13 + 21?
-11
517 + -339 + (20 - 130)
68
What is 0 + 0 + (-4 - -2) - (-30 - (-69 - -84))?
43
(-4 - 0) + (-40 - (5 - (46 - 19) - -19))
-41
What is 8 - (0 - (253 + -236 + (-73 - 1)))?
-49
Calculate 138 + (-49 - 86) + -15 + -3 + 2.
-13
(-12 - -1) + 14 + -10 + 49
42
What is -40 - -36 - (10 + -5 + -15) - (-37 + 4)?
39
What is 0 + -27 + -63 + 66?
-24
71 + 36 + 57 + -119
45
What is the value of -2 + 18 + -2 + -69 + 119 + -128?
-64
20 + (74 - 119 - -2)
-23
Evaluate -18 - -30 - (3 + -7 - (4 - 7)) - 89.
-76
What is the value of 182 + -195 + (-1 + -6 - 13)?
-33
What is the value of 937 - 930 - (4 - (2 - -3 - -17))?
25
What is 0 + 20 + (-147 - -141) + -5?
9
What is the value of -4 - (20 + -73 + 92 + (-1 - 19))?
-23
What is (-1 + (7 - -1) - 18) + 43 - 0?
32
22 + (19 - (-6 + -9 - -29) - -4)
31
What is -16 + (14 - -8 - (6 + -38 + 3))?
35
What is 1 + -5 - (-35 + 13 + 23 - (8 + 0))?
3
Calculate 18 + (-24 - -20) + 17 + -17.
14
What is 13 - (-12 - 3) - -64 - (-3 + 1)?
94
1 + 13 + 2 + 4891 + -4894 + 87
100
29 + (15 - (46 - 46) - 42)
2
What is the value of 0 + 13 + -1 + (179 - 189) - 22?
-20
What is the value of (-1 - (-53 - -57)) + 54?
49
What is the value of (-2 - 4) + -110 + 38 + 36?
-42
Evaluate 0 + (-5 - 1) + (10 - (-1 - (-5 + -4))).
-4
What is the value of -17 - (3 + 6 + -3 - (-14 + 11 + 4))?
-22
Calculate 42 + (-2 - (-6 - (3 - 11)) - -4).
42
What is the value of 125 + -83 + 170 + -150?
62
What is (3 - 2 - 30) + -48 + 56?
-21
Evaluate (-19 - 0) + -72 + 77 + (8 - (2 - 3)).
-5
-21 - -1 - (-25 - (35 + 10))
50
Evaluate -135 + 8 + (-29 - -41) + (-11 - (5 - 7)).
-124
-84 + 73 - (-53 + 8)
34
What is the value of 35 + -7 + (1 - -9 - -6)?
44
11 + (-24 - (-23 + 8 - 5))
7
What is -8349 + 8166 - (-1 - 71)?
-111
What is the value of (-29 - (-13 - (70 - 28))) + (9 - 0)?
35
What is the value of 30 + (-17 - (10 - 15))?
18
What is 5 + (60 + -81 - (43 + 4))?
-63
What is 287 + -311 + -8 + (43 - -6)?
17
Evaluate 2 - 3 - 11 - (-83 + (113 - 27)).
-15
What is the value of (67 - -8 - 6) + -27 + 0?
42
What is (14 - 22) + (3 - 1) - (-18 - -32)?
-20
2 + -2 + (3642 - 3688)
-46
What is the value of -12 - (-26 + 14 + 1)?
-1
Evaluate -49 + -46 + 93 + 4 + -93.
-91
What is the value of 31 + -3 + -1 - (1506 - 1517)?
38
What is the value of 16 - (3 + -5 + 12) - (-98 - -125)?
-21
5 + -6 + 13 - (-42 + 85 + 37)
-68
Evaluate 40 + (21 - (18 + -17)) + -45 + 2.
17
-24 + 45 + 16 + 11 + -28
20
3 - (-7 + 5) - (-11 + 28 + -11)
-1
What is the value of 60 + 1 - (-5614 - -5654)?
21
Calculate 12 + -23 + 10 + 9 - (9 - 14 - -6).
7
Calculate (-30724 - -30782) + (2 - (0 + 1 + -13)).
72
(2774 - 2721) + -104 + 4
-47
Evaluate -5 + (-6 - -3) + (33 + -20 - 10).
-5
What is ((0 - 0) + -15 + 70 - 6 - 5) + -6?
38
Calculate (-8 - (1 - 14)) + -49 - -20.
-24
Calculate (12 - ((3 - (-11 + 8)) + -14)) + 9.
29
Calculate 31 + (-13 - 1 - (-28 - (-70 - -51))).
26
0 - (-29 + 4) - (-617 + 691)
-49
Calculate (52 - 55) + -30 + (-12 - 3).
-48
What is the value of -17 + 44 - (-5 - 5)?
37
67 - (78 - -9) - (-22 + 0)
2
Calculate 0 + 30 - (3806 + -3746).
-30
What is the value of 16 + (-16 + -6 - -4) + -19 + 69?
48
Evaluate 58 + -88 - (-4 - -47 - -3).
-76
(43 - (-40 - -74)) + -15 + 9 + -17
-14
-2 + (17 - (1 + -1)) - (5426 + -5428)
17
What is the value of -4 + (12 - (11 - 15) - 11) - -57?
58
What is the value of (38 + 2 - (-358 + 362)) + -6?
30
Evaluate -5 + 9 - ((-22 - 19 - 7) + -21).
73
Evaluate -9 + (19 + -15 - -28).
23
What is the value of 10 + 2 + (-70 - (-8 + -70)) + (0 - -5)?
25
Calculate (27 - 34 - (-9 - -21) - 34) + (5 - -1).
-47
What is the value of 0 + -76 - (-14306 + 14256)?
-26
What is 99 + (-18 - -5) + -19 + -11?
56
What is 3 - 2 - (-56 - 1) - (187 + -145 - 42)?
58
Evaluate -16 + 41 - ((57 - -22) + 1).
-55
0 - 8 - ((2 + 10 - -17 - -12) + 3)
-52
82 - (-71 + 141 - 47)
59
What is 38 + -15 + 6 - 33?
-4
Evaluate -53 - -2 - (-22 - -52 - (-11 + 47)).
-45
What is -15 - -1 - (1805 - 1791) - -92?
64
Calculate -37 + (-5 + 39 - 15).
-18
Calculate (12 - 4) + -5 + 7 + (-55 - -3).
-42
What is -34 - (-116 + 111 - (0 + -13))?
-42
-15 + 71 + (9 + -7 - -1)
59
-21 